{"id":6,"date":"2008-07-14T12:10:12","date_gmt":"2008-07-14T10:10:12","guid":{"rendered":"http:\/\/www.centrosocialcaixanova.com\/naturnova\/portal\/?page_id=6"},"modified":"2017-11-16T12:45:20","modified_gmt":"2017-11-16T11:45:20","slug":"que-es-naturnova","status":"publish","type":"page","link":"https:\/\/naturnova.afundacion.org\/portal\/es\/que-es-naturnova\/","title":{"rendered":"\u00bfQu\u00e9 es Naturnova?"},"content":{"rendered":"<p><a href=\"http:\/\/naturnova.obrasocialncg.com\/portal\/wp-content\/uploads\/2008\/07\/Vesti.jpg\"><img loading=\"lazy\" class=\"alignleft size-medium wp-image-1065\" src=\"http:\/\/naturnova.obrasocialncg.com\/portal\/wp-content\/uploads\/2008\/07\/Vesti-216x300.jpg\" alt=\"Vesti\" width=\"216\" height=\"300\" srcset=\"https:\/\/naturnova.afundacion.org\/portal\/wp-content\/uploads\/2008\/07\/Vesti-216x300.jpg 216w, https:\/\/naturnova.afundacion.org\/portal\/wp-content\/uploads\/2008\/07\/Vesti.jpg 227w\" sizes=\"(max-width: 216px) 100vw, 216px\" \/><\/a><\/p>\n<p>Naturnova es un <strong>Centro Interactivo de Educaci\u00f3n Ambiental<\/strong> abierto al p\u00fablico desde el 5 de julio de 2003. Trata de presentar de forma clara y resumida nuestro medio ambiente, un mundo repleto de curiosidades, a todas aquellas personas interesadas en darle la mano a algo tan atractivo como es la Naturaleza.<\/p>\n<p>Su principal objetivo es estimular el conocimiento del mundo que nos rodea y la difusi\u00f3n de su importancia, con el fin de que aprendamos a valorarlo, respetarlo y quererlo. <strong>Nadie quiere aquello que desconoce.<\/strong><\/p>\n<p>Permite al visitante, a trav\u00e9s de m\u00f3dulos interactivos, explorar muchos y variados temas de una forma activa y l\u00fadica. La informaci\u00f3n se presenta mediante im\u00e1genes virtuales, objetos, olores, recreaci\u00f3n de ambientes, mapas&#8230; Todo ello ayuda a descubrir f\u00e1cilmente nuestro mundo desde lo global, hasta lo m\u00e1s pr\u00f3ximo a nosotros.<\/p>\n<p>El recorrido comienza con una visi\u00f3n del Universo, nuestra galaxia y el sistema solar para introducirnos, a continuaci\u00f3n, en nuestro planeta. De \u00e9l conoceremos todos los elementos que condicionan la vida (el suelo, el agua, el aire) y tambi\u00e9n a los seres vivos con los que compartimos nuestro espacio. Finaliza con la relaci\u00f3n del ser humano\u00a0con el\u00a0medio: c\u00f3mo utiliza los recursos, c\u00f3mo afecta al entorno al usarlos, y c\u00f3mo, actualmente, trata de solucionar los problemas que le ha creado.<\/p>\n","protected":false},"excerpt":{"rendered":"<p>Naturnova es un Centro Interactivo de Educaci\u00f3n Ambiental abierto al p\u00fablico desde el 5 de julio de 2003. Trata de presentar de forma clara y resumida nuestro medio ambiente, un mundo repleto de curiosidades, a todas aquellas personas interesadas en darle la mano a algo tan atractivo como es la Naturaleza. Su principal objetivo es [&hellip;]<\/p>\n","protected":false},"author":1,"featured_media":1902,"parent":0,"menu_order":1,"comment_status":"closed","ping_status":"open","template":"","meta":[],"_links":{"self":[{"href":"https:\/\/naturnova.afundacion.org\/portal\/wp-json\/wp\/v2\/pages\/6"}],"collection":[{"href":"https:\/\/naturnova.afundacion.org\/portal\/wp-json\/wp\/v2\/pages"}],"about":[{"href":"https:\/\/naturnova.afundacion.org\/portal\/wp-json\/wp\/v2\/types\/page"}],"author":[{"embeddable":true,"href":"https:\/\/naturnova.afundacion.org\/portal\/wp-json\/wp\/v2\/users\/1"}],"replies":[{"embeddable":true,"href":"https:\/\/naturnova.afundacion.org\/portal\/wp-json\/wp\/v2\/comments?post=6"}],"version-history":[{"count":8,"href":"https:\/\/naturnova.afundacion.org\/portal\/wp-json\/wp\/v2\/pages\/6\/revisions"}],"predecessor-version":[{"id":1633,"href":"https:\/\/naturnova.afundacion.org\/portal\/wp-json\/wp\/v2\/pages\/6\/revisions\/1633"}],"wp:featuredmedia":[{"embeddable":true,"href":"https:\/\/naturnova.afundacion.org\/portal\/wp-json\/wp\/v2\/media\/1902"}],"wp:attachment":[{"href":"https:\/\/naturnova.afundacion.org\/portal\/wp-json\/wp\/v2\/media?parent=6"}],"curies":[{"name":"wp","href":"https:\/\/api.w.org\/{rel}","templated":true}]}}