{"id":1760,"date":"2017-05-11T09:06:59","date_gmt":"2017-05-11T07:06:59","guid":{"rendered":"http:\/\/naturnova.afundacion.org\/portal\/?page_id=1760"},"modified":"2017-11-16T12:45:17","modified_gmt":"2017-11-16T11:45:17","slug":"meteoroloxia-e-meteosat","status":"publish","type":"page","link":"https:\/\/naturnova.afundacion.org\/portal\/gl\/meteoroloxia-e-meteosat\/","title":{"rendered":"Meteorolox\u00eda e Meteosat"},"content":{"rendered":"<table border=\"0\" width=\"100%\" cellspacing=\"0\" cellpadding=\"0\">\n<tbody>\n<tr>\n<td class=\"sectiontableheader\"><\/td>\n<td class=\"sectiontableheader\" width=\"90%\" height=\"20\"><\/td>\n<td class=\"sectiontableheader\" align=\"right\" width=\"30\" height=\"20\"><\/td>\n<\/tr>\n<tr class=\"sectiontableentry1\">\n<td align=\"center\" width=\"100\" height=\"20\"><\/td>\n<td height=\"20\"><a class=\"category\" href=\"http:\/\/www.meteogalicia.es\/\" target=\"_blank\" rel=\"noopener noreferrer\">Meteogalicia<\/a><br \/>\nMeteorolox\u00eda de Galicia elaborada pola Universidade de Santiago de Compostela e a Conseller\u00eda de Medio Ambiente.<\/td>\n<td align=\"center\"><\/td>\n<\/tr>\n<tr class=\"sectiontableentry2\">\n<td align=\"center\" width=\"100\" height=\"20\"><\/td>\n<td height=\"20\"><a class=\"category\" href=\"http:\/\/www.aemet.es\/es\/nuevaweb\" target=\"_blank\" rel=\"noopener noreferrer\">INM<\/a><br \/>\nInstituto Nacional de Meteorolox\u00eda<\/td>\n<td align=\"center\"><\/td>\n<\/tr>\n<\/tbody>\n<\/table>\n","protected":false},"excerpt":{"rendered":"<p>Meteogalicia Meteorolox\u00eda de Galicia elaborada pola Universidade de Santiago de Compostela e a Conseller\u00eda de Medio Ambiente. INM Instituto Nacional de Meteorolox\u00eda<\/p>\n","protected":false},"author":1,"featured_media":0,"parent":0,"menu_order":0,"comment_status":"closed","ping_status":"open","template":"","meta":[],"_links":{"self":[{"href":"https:\/\/naturnova.afundacion.org\/portal\/wp-json\/wp\/v2\/pages\/1760"}],"collection":[{"href":"https:\/\/naturnova.afundacion.org\/portal\/wp-json\/wp\/v2\/pages"}],"about":[{"href":"https:\/\/naturnova.afundacion.org\/portal\/wp-json\/wp\/v2\/types\/page"}],"author":[{"embeddable":true,"href":"https:\/\/naturnova.afundacion.org\/portal\/wp-json\/wp\/v2\/users\/1"}],"replies":[{"embeddable":true,"href":"https:\/\/naturnova.afundacion.org\/portal\/wp-json\/wp\/v2\/comments?post=1760"}],"version-history":[{"count":1,"href":"https:\/\/naturnova.afundacion.org\/portal\/wp-json\/wp\/v2\/pages\/1760\/revisions"}],"predecessor-version":[{"id":1761,"href":"https:\/\/naturnova.afundacion.org\/portal\/wp-json\/wp\/v2\/pages\/1760\/revisions\/1761"}],"wp:attachment":[{"href":"https:\/\/naturnova.afundacion.org\/portal\/wp-json\/wp\/v2\/media?parent=1760"}],"curies":[{"name":"wp","href":"https:\/\/api.w.org\/{rel}","templated":true}]}}

Meteoroloxía e Meteosat

<table border="0" width="100%" cellspacing="0" cellpadding="0">
<tbody>
<tr>
<td class="sectiontableheader"></td>
<td class="sectiontableheader" width="90%" height="20"></td>
<td class="sectiontableheader" align="right" width="30" height="20"></td>
</tr>
<tr class="sectiontableentry1">
<td align="center" width="100" height="20"></td>
<td height="20"><a class="category" href="http://www.meteogalicia.es/" target="_blank" rel="noopener noreferrer">Meteogalicia</a><br />
Meteoroloxía de Galicia elaborada pola Universidade de Santiago de Compostela e a Consellería de Medio Ambiente.</td>
<td align="center"></td>
</tr>
<tr class="sectiontableentry2">
<td align="center" width="100" height="20"></td>
<td height="20"><a class="category" href="http://www.aemet.es/es/nuevaweb" target="_blank" rel="noopener noreferrer">INM</a><br />
Instituto Nacional de Meteoroloxía</td>
<td align="center"></td>
</tr>
</tbody>
</table>

<p>Meteogalicia Meteoroloxía de Galicia elaborada pola Universidade de Santiago de Compostela e a Consellería de Medio Ambiente. INM Instituto Nacional de Meteoroloxía</p>
