{"id":1743,"date":"2017-05-11T08:57:51","date_gmt":"2017-05-11T06:57:51","guid":{"rendered":"http:\/\/naturnova.afundacion.org\/portal\/?page_id=1743"},"modified":"2017-11-16T12:45:20","modified_gmt":"2017-11-16T11:45:20","slug":"xeoloxia","status":"publish","type":"page","link":"https:\/\/naturnova.afundacion.org\/portal\/gl\/xeoloxia\/","title":{"rendered":"Xeolox\u00eda"},"content":{"rendered":"<table border=\"0\" width=\"100%\" cellspacing=\"0\" cellpadding=\"0\">\n<tbody>\n<tr class=\"sectiontableentry1\">\n<td align=\"center\" width=\"100\" height=\"20\"><\/td>\n<td height=\"20\"><a class=\"category\" href=\"http:\/\/tierra.rediris.es\/\" target=\"_blank\" rel=\"noopener noreferrer\">Red IRIS<\/a><br \/>\nRede Tem\u00e1tica de Ciencias da Terra en Espa\u00f1a.<\/td>\n<td align=\"center\"><\/td>\n<\/tr>\n<tr class=\"sectiontableentry2\">\n<td align=\"center\" width=\"100\" height=\"20\"><\/td>\n<td height=\"20\"><a class=\"category\" href=\"http:\/\/www.igme.es\/internet\/default.asp\" target=\"_blank\" rel=\"noopener noreferrer\">IGME<\/a><br \/>\nInstituto Xeol\u00f3xico e Mineiro de Espa\u00f1a<\/td>\n<td align=\"center\"><\/td>\n<\/tr>\n<tr class=\"sectiontableentry1\">\n<td align=\"center\" width=\"100\" height=\"20\"><\/td>\n<td height=\"20\"><a class=\"category\" href=\"http:\/\/volcano.oregonstate.edu\/\" target=\"_blank\" rel=\"noopener noreferrer\">Volc\u00e1ns<\/a><br \/>\nEn ingl\u00e9s.<\/td>\n<td align=\"center\"><\/td>\n<\/tr>\n<\/tbody>\n<\/table>\n","protected":false},"excerpt":{"rendered":"<p>Red IRIS Rede Tem\u00e1tica de Ciencias da Terra en Espa\u00f1a. IGME Instituto Xeol\u00f3xico e Mineiro de Espa\u00f1a Volc\u00e1ns En ingl\u00e9s.<\/p>\n","protected":false},"author":1,"featured_media":0,"parent":0,"menu_order":0,"comment_status":"closed","ping_status":"open","template":"","meta":[],"_links":{"self":[{"href":"https:\/\/naturnova.afundacion.org\/portal\/wp-json\/wp\/v2\/pages\/1743"}],"collection":[{"href":"https:\/\/naturnova.afundacion.org\/portal\/wp-json\/wp\/v2\/pages"}],"about":[{"href":"https:\/\/naturnova.afundacion.org\/portal\/wp-json\/wp\/v2\/types\/page"}],"author":[{"embeddable":true,"href":"https:\/\/naturnova.afundacion.org\/portal\/wp-json\/wp\/v2\/users\/1"}],"replies":[{"embeddable":true,"href":"https:\/\/naturnova.afundacion.org\/portal\/wp-json\/wp\/v2\/comments?post=1743"}],"version-history":[{"count":1,"href":"https:\/\/naturnova.afundacion.org\/portal\/wp-json\/wp\/v2\/pages\/1743\/revisions"}],"predecessor-version":[{"id":1744,"href":"https:\/\/naturnova.afundacion.org\/portal\/wp-json\/wp\/v2\/pages\/1743\/revisions\/1744"}],"wp:attachment":[{"href":"https:\/\/naturnova.afundacion.org\/portal\/wp-json\/wp\/v2\/media?parent=1743"}],"curies":[{"name":"wp","href":"https:\/\/api.w.org\/{rel}","templated":true}]}}