{"id":1713,"date":"2017-05-10T19:07:24","date_gmt":"2017-05-10T17:07:24","guid":{"rendered":"http:\/\/naturnova.afundacion.org\/portal\/?page_id=1713"},"modified":"2025-08-12T08:52:05","modified_gmt":"2025-08-12T06:52:05","slug":"visitas-para-escolares","status":"publish","type":"page","link":"https:\/\/naturnova.afundacion.org\/portal\/gl\/visitas-para-escolares\/","title":{"rendered":"Visitas escolares presencial"},"content":{"rendered":"<p><span style=\"font-weight: 400;\">PROGRAMA DE ACTIVIDADES PRESENCIALES 2025 \u2013 2026:<\/span><\/p>\n<p><strong><span style=\"color: #3366ff;\">MISI\u00d3N SALVAR A AUGA<\/span><\/strong><\/p>\n<p><span style=\"font-weight: 400; color: #3366ff;\">Museo completo| 1\u00ba e 2\u00ba primaria\u00a0 | 90 min | 2 \u20ac escolar | M\u00e1x. 65 participantes<\/span><\/p>\n<p><span style=\"font-weight: 400;\">A trav\u00e9s desta did\u00e1ctica, os escolares descubrir\u00e1n a importancia vital da auga, diferenciando entre auga doce e salgada e os seus estados naturais. Achegaranse ao ciclo da auga de forma sinxela e visual, co\u00f1ecer\u00e1n animais mari\u00f1os das nosas r\u00edas galegas e reflexionar\u00e1n sobre a necesidade de coidar este recurso esencial. Unha proposta educativa para formar conciencia ecol\u00f3xica desde a infancia.<\/span><\/p>\n<p><strong><span style=\"color: #3366ff;\">ASTRO REI, O SOL<\/span><\/strong><\/p>\n<p><span style=\"font-weight: 400; color: #3366ff;\">Museo completo| 3\u00ba e 4\u00ba primaria\u00a0 | 90 min | 2 \u20ac escolar | M\u00e1x. 65 participantes<\/span><\/p>\n<p><span style=\"font-weight: 400;\">Nesta proposta did\u00e1ctica, o alumnado explorar\u00e1 o universo partindo do Sol como a nosa estrela m\u00e1is pr\u00f3xima, situ\u00e1ndoo na galaxia e comparando o seu tama\u00f1o con outros astros. Aprender\u00e1n a diferenciar entre estrelas, planetas e sat\u00e9lites, descubrindo a importancia do Sol para a vida na Terra. Ademais, achegaranse \u00e1s enerx\u00edas renovables, especialmente \u00e1 enerx\u00eda solar, como fonte limpa e sostible para o futuro. Un percorrido educativo que mestura ciencia, contorna e conciencia ecol\u00f3xica.<\/span><\/p>\n<p><strong><span style=\"color: #3366ff;\">ADAPTARSE OU MORRER. O ENXE\u00d1O DOS ANIMAIS<\/span><\/strong><\/p>\n<p><span style=\"font-weight: 400; color: #3366ff;\">Museo completo| 3\u00ba e 4\u00ba primaria\u00a0 | 90 min | 2 \u20ac escolar | M\u00e1x. 65 participantes<\/span><\/p>\n<p><span style=\"font-weight: 400;\">Exploraremos o fascinante mundo animal, observando o seu aspecto, as caracter\u00edsticas que pos\u00faen e as vantaxes que lles ofrecen para sobrevivir no seu h\u00e1bitat. Reflexionaremos tam\u00e9n sobre como os nosos comportamentos infl\u00faen na s\u00faa vida, que precisan para vivir e cales son as especies m\u00e1is abundantes no planeta. Unha proposta que conxuga observaci\u00f3n, reflexi\u00f3n e respecto pola biodiversidade.<\/span><\/p>\n<p><strong><span style=\"color: #3366ff;\">PL\u00c1STICOS O INIMIGO INVISIBLE<\/span><\/strong><\/p>\n<p><span style=\"font-weight: 400; color: #3366ff;\">Museo completo| 5\u00ba e 6\u00ba primaria\u00a0 | 90 min | 2 \u20ac escolar | M\u00e1x. 65 participantes<\/span><\/p>\n<p><span style=\"font-weight: 400;\">Nesta did\u00e1ctica afondaremos na problem\u00e1tica da contaminaci\u00f3n por pl\u00e1sticos e micropl\u00e1sticos, co\u00f1ecendo a s\u00faa orixe, os efectos que te\u00f1en nos oc\u00e9anos, nos animais e mesmo na sa\u00fade humana. Reflexionaremos sobre o uso excesivo do pl\u00e1stico na nosa vida diaria e buscaremos alternativas m\u00e1is sostibles. Unha proposta educativa para fomentar a conciencia ambiental e o compromiso co coidado do planeta.<\/span><\/p>\n<p><strong><span style=\"color: #3366ff;\">DESAF\u00cdO NATURNOVA<\/span><\/strong><\/p>\n<p><span style=\"color: #3366ff;\">Visita completa | 3\u00ba A 6\u00ba PRIMARIA, ESO E BACHARELATO | 90 min | 2 \u20ac escolar | M\u00e1x. 65 participantes<\/span><\/p>\n<p><span style=\"font-weight: 400;\">Disfruta cos m\u00f3dulos interactivos do centro e resolve o desaf\u00edo que prop\u00f3n Pintafontes.<\/span><\/p>\n<p><span style=\"font-weight: 400;\">FEBREIRO<\/span><\/p>\n<p><strong><span style=\"color: #3366ff;\">MULLERES NA CIENCIA<\/span><\/strong><\/p>\n<p><span style=\"font-weight: 400; color: #3366ff;\">Visita completa | 4\u00ba A 6\u00ba PRIMARIA, ESO E BACHARELATO | 90 min | 2 \u20ac escolar | M\u00e1x. 65 participantes<\/span><\/p>\n<p>Celebra o D\u00eda Internacional da Muller na Ciencia visitando as nosas instalaci\u00f3ns para aprender sobre as mulleres pioneiras no campo cient\u00edfico. Descubrir\u00e1s o seu legado e a s\u00faa valiosa contribuci\u00f3n \u00e1 ciencia ao interactuar cos nosos m\u00f3dulos interactivos.<\/p>\n<p><span style=\"font-weight: 400;\">RESERVA DE PLAZAS<\/span><\/p>\n<p><span style=\"font-weight: 400;\">Todos os centros educativos poden solicitar o reservar unha visita a Naturnova por calquera destas v\u00edas:<\/span><\/p>\n<ul>\n<li style=\"font-weight: 400;\" aria-level=\"1\"><span style=\"font-weight: 400;\">Internet: <\/span><a href=\"http:\/\/escolares.afundacion.org\/\"><span style=\"font-weight: 400;\">www.escolares.afundacion.org<\/span><\/a><\/li>\n<\/ul>\n<p>Encha os datos, seleccione d\u00eda e hora e marque reservar. A s\u00faa petici\u00f3n quedar\u00e1 confirmada automaticamente.<\/p>\n<ul>\n<li style=\"font-weight: 400;\" aria-level=\"1\"><span style=\"font-weight: 400;\">Correo electr\u00f3nico: <\/span><span style=\"font-weight: 400;\">naturnova@afundacion.org<\/span><\/li>\n<\/ul>\n<p>Escr\u00edbanos un correo electr\u00f3nico indicando os datos da s\u00faa solicitude: Centro, n\u00ba de alumnos, nivel, datas, datos de contacto etc.<\/p>\n<ul>\n<li style=\"font-weight: 400;\" aria-level=\"1\"><span style=\"font-weight: 400;\">Tel\u00e9fono: 986 120 088 \/ 089<\/span><\/li>\n<\/ul>\n<p>Chame, deixe un contacto e po\u00f1er\u00e9monos en contacto con vostede en canto nos sexa posible.<\/p>\n","protected":false},"excerpt":{"rendered":"<p>PROGRAMA DE ACTIVIDADES PRESENCIALES 2025 \u2013 2026: MISI\u00d3N SALVAR A AUGA Museo completo| 1\u00ba e 2\u00ba primaria\u00a0 | 90 min | 2 \u20ac escolar | M\u00e1x. 65 participantes A trav\u00e9s desta did\u00e1ctica, os escolares descubrir\u00e1n a importancia vital da auga, diferenciando entre auga doce e salgada e os seus estados naturais. Achegaranse ao ciclo da [&hellip;]<\/p>\n","protected":false},"author":1,"featured_media":2300,"parent":0,"menu_order":6,"comment_status":"closed","ping_status":"open","template":"","meta":[],"_links":{"self":[{"href":"https:\/\/naturnova.afundacion.org\/portal\/wp-json\/wp\/v2\/pages\/1713"}],"collection":[{"href":"https:\/\/naturnova.afundacion.org\/portal\/wp-json\/wp\/v2\/pages"}],"about":[{"href":"https:\/\/naturnova.afundacion.org\/portal\/wp-json\/wp\/v2\/types\/page"}],"author":[{"embeddable":true,"href":"https:\/\/naturnova.afundacion.org\/portal\/wp-json\/wp\/v2\/users\/1"}],"replies":[{"embeddable":true,"href":"https:\/\/naturnova.afundacion.org\/portal\/wp-json\/wp\/v2\/comments?post=1713"}],"version-history":[{"count":24,"href":"https:\/\/naturnova.afundacion.org\/portal\/wp-json\/wp\/v2\/pages\/1713\/revisions"}],"predecessor-version":[{"id":3315,"href":"https:\/\/naturnova.afundacion.org\/portal\/wp-json\/wp\/v2\/pages\/1713\/revisions\/3315"}],"wp:featuredmedia":[{"embeddable":true,"href":"https:\/\/naturnova.afundacion.org\/portal\/wp-json\/wp\/v2\/media\/2300"}],"wp:attachment":[{"href":"https:\/\/naturnova.afundacion.org\/portal\/wp-json\/wp\/v2\/media?parent=1713"}],"curies":[{"name":"wp","href":"https:\/\/api.w.org\/{rel}","templated":true}]}}