{"id":1638,"date":"2017-05-10T14:15:44","date_gmt":"2017-05-10T12:15:44","guid":{"rendered":"http:\/\/naturnova.afundacion.org\/portal\/?page_id=1638"},"modified":"2022-10-01T20:07:40","modified_gmt":"2022-10-01T18:07:40","slug":"sala-i-o-universo","status":"publish","type":"page","link":"https:\/\/naturnova.afundacion.org\/portal\/gl\/sala-i-o-universo\/","title":{"rendered":"Sala I | O Universo"},"content":{"rendered":"\n<p><\/p>\n\n\n\n<figure class=\"wp-block-image size-large\"><img loading=\"lazy\" width=\"1024\" height=\"769\" src=\"https:\/\/naturnova.afundacion.org\/portal\/wp-content\/uploads\/2022\/10\/IMG_20220930_122614-1-1024x769.jpg\" alt=\"\" class=\"wp-image-3047\" srcset=\"https:\/\/naturnova.afundacion.org\/portal\/wp-content\/uploads\/2022\/10\/IMG_20220930_122614-1-1024x769.jpg 1024w, https:\/\/naturnova.afundacion.org\/portal\/wp-content\/uploads\/2022\/10\/IMG_20220930_122614-1-300x225.jpg 300w, https:\/\/naturnova.afundacion.org\/portal\/wp-content\/uploads\/2022\/10\/IMG_20220930_122614-1-768x577.jpg 768w, https:\/\/naturnova.afundacion.org\/portal\/wp-content\/uploads\/2022\/10\/IMG_20220930_122614-1-1536x1153.jpg 1536w, https:\/\/naturnova.afundacion.org\/portal\/wp-content\/uploads\/2022\/10\/IMG_20220930_122614-1-2048x1538.jpg 2048w\" sizes=\"(max-width: 1024px) 100vw, 1024px\" \/><\/figure>\n\n\n<p style=\"text-align: justify;\"><a href=\"https:\/\/naturnova.afundacion.org\/portal\/wp-content\/modu_4_sala1.jpg\"><img loading=\"lazy\" class=\"size-medium wp-image-31 alignright\" title=\"modu_4_sala1\" src=\"https:\/\/naturnova.afundacion.org\/portal\/wp-content\/modu_4_sala1.jpg\" alt=\"\" width=\"240\" height=\"159\" \/><\/a>O universo creouse hai uns 15.000 mill\u00f3ns de anos, nunha enorme explosi\u00f3n co\u00f1ecida como Big bang. Est\u00e1 poboado de galaxias, inmensas illas de materia compostas por miles de mill\u00f3ns de estrelas, e de nebulosas de gas e po. Algunhas destas galaxias te\u00f1en formas irregulares, outras son el\u00edpticas e outras de forma espiral. O sistema solar forma parte dun dos brazos da V\u00eda L\u00e1ctea, unha galaxia en forma de espiral que cont\u00e9n uns 200.000 mill\u00f3ns de estrelas. O centro da nosa galaxia est\u00e1 na direcci\u00f3n da constelaci\u00f3n de Saxitario.<\/p>\n<p style=\"text-align: justify;\"><a href=\"https:\/\/naturnova.afundacion.org\/portal\/wp-content\/modu_5_galaxia.jpg\"><img loading=\"lazy\" class=\"alignnone size-medium wp-image-32 alignright\" title=\"modu_5_galaxia\" src=\"https:\/\/naturnova.afundacion.org\/portal\/wp-content\/modu_5_galaxia.jpg\" alt=\"\" width=\"241\" height=\"130\" \/><\/a><strong><strong>Que grande \u00e9 o mundo!<\/strong><\/strong><\/p>\n<p style=\"text-align: justify;\">Crese que o universo \u00e9 limitado, que non se estende indefinidamente, a\u00ednda que a\u00ednda non se puido establecer onde est\u00e1 o l\u00edmite. Parece ser que \u00e9 un espazo de 3 dimensi\u00f3ns curvado, no que as galaxias se afastan entre si.<\/p>\n<p style=\"text-align: justify;\">Na entrada da sala vemos unha representaci\u00f3n do Universo e outra da nosa galaxia, a V\u00eda L\u00e1ctea.<\/p>\n<p style=\"text-align: justify;\"><strong>Galaxias e outros corpos celestes<a href=\"https:\/\/naturnova.afundacion.org\/portal\/wp-content\/Universo-con-miles-de-galaxias.jpg\"><img loading=\"lazy\" class=\"size-medium wp-image-496 alignright\" title=\"Universo-con-miles-de-galaxias\" src=\"https:\/\/naturnova.afundacion.org\/portal\/wp-content\/Universo-con-miles-de-galaxias-300x199.jpg\" alt=\"\" width=\"240\" height=\"159\" srcset=\"https:\/\/naturnova.afundacion.org\/portal\/wp-content\/uploads\/Universo-con-miles-de-galaxias-300x199.jpg 300w, https:\/\/naturnova.afundacion.org\/portal\/wp-content\/uploads\/Universo-con-miles-de-galaxias.jpg 373w\" sizes=\"(max-width: 240px) 100vw, 240px\" \/><\/a><\/strong><\/p>\n<p style=\"text-align: justify;\">Neste computador podemos co\u00f1ecer como se estrutura o Universo e descubrir curiosidades sobre el, tales como: onde nacen as estrelas, que \u00e9 o Big bang, os buracos negros ou as supernovas, ou por que se producen as choivas de estrelas ?<\/p>\n<p style=\"text-align: justify;\"><strong>Sistema solar<\/strong><\/p>\n<p style=\"text-align: justify;\">Grazas a unha pantalla circular podemos viaxar polo sistema solar. Desde un computador poderemos dirixir a operaci\u00f3n e achegarnos aos planetas, marcar os seus nomes, as s\u00faas \u00f3rbitas ou ver como estaban colocados nunha data determinada (a do noso nacemento, por exemplo).<\/p>\n<p style=\"text-align: justify;\"><strong><a href=\"https:\/\/naturnova.afundacion.org\/portal\/wp-content\/modu_6_saturno.jpg\"><img loading=\"lazy\" class=\"size-full wp-image-33 alignright\" title=\"modu_6_saturno\" src=\"https:\/\/naturnova.afundacion.org\/portal\/wp-content\/modu_6_saturno.jpg\" alt=\"\" width=\"235\" height=\"140\" \/><\/a>Os planetas do sistema solar<\/strong><\/p>\n<p style=\"text-align: justify;\">Un computador ofr\u00e9cenos informaci\u00f3n sobre os planetas do sistema solar e as condici\u00f3ns que existen neles en relaci\u00f3n coa posibilidade de que exista vida, tal e como a co\u00f1ecemos hoxe.<\/p>\n<p><span style=\"cor: #ffffff;\">poderemos saber cando apareceron as <\/span><\/p>\n<p style=\"text-align: left;\"><strong>Constr\u00fae un planeta habitable<\/strong><\/p>\n<p style=\"text-align: justify;\">Neste novo m\u00f3dulo poder\u00e1s descubrir cales son as claves para que un planeta sexa habitable. Con axuda do noso astronauta poder\u00e1s elixir as condici\u00f3ns que crees que poden ser m\u00e1is adecuadas para vivir nun planeta e constru\u00edr un \u00e1 t\u00faa medida.<\/p>\n<p style=\"text-align: left;\"><span style=\"cor: #ffffff;\">Neste novo m\u00f3dulo poder\u00e1s descubrir cales son as claves para que un planeta sexa habitable.<\/span><\/p>\n<p style=\"text-align: left;\"><strong>Realidade aumentada<\/strong><\/p>\n<p>Nun dos nosos m\u00f3dulos poder\u00e1s ver en realidade aumentada o noso sistema solar, obter informaci\u00f3n dos nosos planetas e incluso coa axuda do noso cubo de goma poder\u00e1s xiralos e observalo por todos os lados.<\/p>\n<p style=\"text-align: left;\"><strong>T\u00fanel de fen\u00f3menos atmosf\u00e9ricos<\/strong><\/p>\n<p style=\"text-align: justify;\">Sa\u00edmos da sala do Universo e acheg\u00e1monos \u00e1 Terra a trav\u00e9s da Atmosfera podendo escoitar os ru\u00eddos producidos por alg\u00fans fen\u00f3menos atmosf\u00e9ricos.<span style=\"cor: #ffffff;\"><br \/><\/span><\/p>","protected":false},"excerpt":{"rendered":"<p>O universo creouse hai uns 15.000 mill\u00f3ns de anos, nunha enorme explosi\u00f3n co\u00f1ecida como Big bang. Est\u00e1 poboado de galaxias, inmensas illas de materia compostas por miles de mill\u00f3ns de estrelas, e de nebulosas de gas e po. Algunhas destas galaxias te\u00f1en formas irregulares, outras son el\u00edpticas e outras de forma espiral. O sistema solar [&hellip;]<\/p>\n","protected":false},"author":1,"featured_media":3044,"parent":0,"menu_order":0,"comment_status":"closed","ping_status":"open","template":"","meta":[],"_links":{"self":[{"href":"https:\/\/naturnova.afundacion.org\/portal\/wp-json\/wp\/v2\/pages\/1638"}],"collection":[{"href":"https:\/\/naturnova.afundacion.org\/portal\/wp-json\/wp\/v2\/pages"}],"about":[{"href":"https:\/\/naturnova.afundacion.org\/portal\/wp-json\/wp\/v2\/types\/page"}],"author":[{"embeddable":true,"href":"https:\/\/naturnova.afundacion.org\/portal\/wp-json\/wp\/v2\/users\/1"}],"replies":[{"embeddable":true,"href":"https:\/\/naturnova.afundacion.org\/portal\/wp-json\/wp\/v2\/comments?post=1638"}],"version-history":[{"count":5,"href":"https:\/\/naturnova.afundacion.org\/portal\/wp-json\/wp\/v2\/pages\/1638\/revisions"}],"predecessor-version":[{"id":3050,"href":"https:\/\/naturnova.afundacion.org\/portal\/wp-json\/wp\/v2\/pages\/1638\/revisions\/3050"}],"wp:featuredmedia":[{"embeddable":true,"href":"https:\/\/naturnova.afundacion.org\/portal\/wp-json\/wp\/v2\/media\/3044"}],"wp:attachment":[{"href":"https:\/\/naturnova.afundacion.org\/portal\/wp-json\/wp\/v2\/media?parent=1638"}],"curies":[{"name":"wp","href":"https:\/\/api.w.org\/{rel}","templated":true}]}}