{"id":1631,"date":"2017-05-10T13:57:18","date_gmt":"2017-05-10T11:57:18","guid":{"rendered":"http:\/\/naturnova.afundacion.org\/portal\/?page_id=1631"},"modified":"2017-11-16T12:45:20","modified_gmt":"2017-11-16T11:45:20","slug":"que-e-naturnova","status":"publish","type":"page","link":"https:\/\/naturnova.afundacion.org\/portal\/gl\/que-e-naturnova\/","title":{"rendered":"Que \u00e9 Naturnova?"},"content":{"rendered":"<p><a href=\"http:\/\/naturnova.obrasocialncg.com\/portal\/wp-content\/uploads\/2008\/07\/Vesti.jpg\"><img loading=\"lazy\" class=\"alignleft size-medium wp-image-1065\" src=\"http:\/\/naturnova.obrasocialncg.com\/portal\/wp-content\/uploads\/2008\/07\/Vesti-216x300.jpg\" alt=\"Vesti\" width=\"216\" height=\"300\" srcset=\"https:\/\/naturnova.afundacion.org\/portal\/wp-content\/uploads\/2008\/07\/Vesti-216x300.jpg 216w, https:\/\/naturnova.afundacion.org\/portal\/wp-content\/uploads\/2008\/07\/Vesti.jpg 227w\" sizes=\"(max-width: 216px) 100vw, 216px\" \/><\/a><\/p>\n<p>Naturnova \u00e9 un <strong>Centro Interactivo de Educaci\u00f3n Ambiental<\/strong> aberto ao p\u00fablico desde o 5 de xullo de 2003. Trata de presentar de forma clara e resumida o noso medio ambiente, un mundo repleto de curiosidades, a todas aquelas persoas interesadas en darlle a man a algo tan atractivo como \u00e9 a Natureza.<\/p>\n<p>O seu principal obxectivo \u00e9 estimular o co\u00f1ecemento do mundo que nos rodea e a difusi\u00f3n da s\u00faa importancia, co fin de que aprendamos a valoralo, respectalo e querelo.<strong> Ningu\u00e9n quere aquilo que desco\u00f1ece<\/strong>.<\/p>\n<p>Permite ao visitante, a trav\u00e9s de m\u00f3dulos interactivos, explorar moitos e variados temas dunha forma activa e l\u00fadica. A informaci\u00f3n pres\u00e9ntase mediante imaxes virtuais, obxectos, cheiros, recreaci\u00f3n de ambientes, mapas&#8230; Todo iso axuda a descubrir facilmente o noso mundo desde o global, ata o m\u00e1is pr\u00f3ximo a n\u00f3s.<\/p>\n<p>O percorrido comeza cunha visi\u00f3n do Universo, a nosa galaxia e o sistema solar para introducirnos, a continuaci\u00f3n, no noso planeta. Del co\u00f1eceremos todos os elementos que condicionan a vida (o solo, a auga, o aire&#8230;) e tam\u00e9n aos seres vivos cos que compartimos o noso espazo. Finaliza coa relaci\u00f3n do ser humano\u00a0co\u00a0medio: como utiliza os recursos, como afecta a contorna ao usalos, e como, actualmente, trata de solucionar os problemas que ten creado.<\/p>\n","protected":false},"excerpt":{"rendered":"<p>Naturnova \u00e9 un Centro Interactivo de Educaci\u00f3n Ambiental aberto ao p\u00fablico desde o 5 de xullo de 2003. Trata de presentar de forma clara e resumida o noso medio ambiente, un mundo repleto de curiosidades, a todas aquelas persoas interesadas en darlle a man a algo tan atractivo como \u00e9 a Natureza. O seu principal [&hellip;]<\/p>\n","protected":false},"author":1,"featured_media":1902,"parent":0,"menu_order":1,"comment_status":"closed","ping_status":"open","template":"","meta":[],"_links":{"self":[{"href":"https:\/\/naturnova.afundacion.org\/portal\/wp-json\/wp\/v2\/pages\/1631"}],"collection":[{"href":"https:\/\/naturnova.afundacion.org\/portal\/wp-json\/wp\/v2\/pages"}],"about":[{"href":"https:\/\/naturnova.afundacion.org\/portal\/wp-json\/wp\/v2\/types\/page"}],"author":[{"embeddable":true,"href":"https:\/\/naturnova.afundacion.org\/portal\/wp-json\/wp\/v2\/users\/1"}],"replies":[{"embeddable":true,"href":"https:\/\/naturnova.afundacion.org\/portal\/wp-json\/wp\/v2\/comments?post=1631"}],"version-history":[{"count":1,"href":"https:\/\/naturnova.afundacion.org\/portal\/wp-json\/wp\/v2\/pages\/1631\/revisions"}],"predecessor-version":[{"id":1632,"href":"https:\/\/naturnova.afundacion.org\/portal\/wp-json\/wp\/v2\/pages\/1631\/revisions\/1632"}],"wp:featuredmedia":[{"embeddable":true,"href":"https:\/\/naturnova.afundacion.org\/portal\/wp-json\/wp\/v2\/media\/1902"}],"wp:attachment":[{"href":"https:\/\/naturnova.afundacion.org\/portal\/wp-json\/wp\/v2\/media?parent=1631"}],"curies":[{"name":"wp","href":"https:\/\/api.w.org\/{rel}","templated":true}]}}