{"id":102,"date":"2008-07-18T09:45:48","date_gmt":"2008-07-18T07:45:48","guid":{"rendered":"http:\/\/www.centrosocialcaixanova.com\/naturnova\/portal\/?page_id=102"},"modified":"2017-11-16T12:45:18","modified_gmt":"2017-11-16T11:45:18","slug":"reciclaje","status":"publish","type":"page","link":"https:\/\/naturnova.afundacion.org\/portal\/es\/reciclaje\/","title":{"rendered":"Reciclaje"},"content":{"rendered":"<p style=\"text-align: center;\"><em>El reciclaje es, junto con la reutilizaci\u00f3n y la reducci\u00f3n, la clave para reducir nuestro consumo de recursos. Si quieres saber m\u00e1s sobre c\u00f3mo debes reciclar y otros trucos para ayudar al ambiente sigue los enlaces de abajo. \u00a1Tienes hasta un juego!\u00a0<\/em><em>El\u00a0reciclaje es un tema tratado en la\u00a0<strong>Sala III\u00a0<\/strong>de Naturnova.<\/em><\/p>\n<p style=\"text-align: center;\"><span style=\"color: #ff6600;\"><strong>JUEGO: <a href=\"http:\/\/naturnova.obrasocialncg.com\/images\/naturnova_documento_vf.pdf\">\u00a1Haz tus equipos, y juega limpio!<\/a><\/strong><\/span><\/p>\n<h5 style=\"text-align: left;\">Enlaces<\/h5>\n<table border=\"0\" width=\"100%\" cellspacing=\"0\" cellpadding=\"0\">\n<tbody>\n<tr class=\"sectiontableentry1\">\n<td align=\"center\" width=\"100\" height=\"20\"><\/td>\n<td height=\"20\"><a class=\"category\" href=\"http:\/\/www.redcicla.com\/\" target=\"_blank\" rel=\"noopener noreferrer\">Gesti\u00f3n ambiental<\/a><br \/>\nEducaci\u00f3n ambiental, legislaci\u00f3n, reciclaje, puntos limpios de recogida&#8230;<\/td>\n<\/tr>\n<\/tbody>\n<\/table>\n<p>&nbsp;<\/p>\n<ul>\n<li><strong>Cr\u00e9ditos<\/strong>: La imagen de la portada de esta entrada es una ilustraci\u00f3n original de\u00a0&#8220;O Bicheiro&#8221; Davila del 2013. Compartido con licencia <a href=\"http:\/\/creativecommons.org\/licenses\/by-nc-sana\/3.0\/\">Creative Commons.<\/a><\/li>\n<\/ul>\n","protected":false},"excerpt":{"rendered":"<p>El reciclaje es, junto con la reutilizaci\u00f3n y la reducci\u00f3n, la clave para reducir nuestro consumo de recursos. Si quieres saber m\u00e1s sobre c\u00f3mo debes reciclar y otros trucos para ayudar al ambiente sigue los enlaces de abajo. \u00a1Tienes hasta un juego!\u00a0El\u00a0reciclaje es un tema tratado en la\u00a0Sala III\u00a0de Naturnova. JUEGO: \u00a1Haz tus equipos, y [&hellip;]<\/p>\n","protected":false},"author":1,"featured_media":0,"parent":0,"menu_order":0,"comment_status":"closed","ping_status":"open","template":"","meta":[],"_links":{"self":[{"href":"https:\/\/naturnova.afundacion.org\/portal\/wp-json\/wp\/v2\/pages\/102"}],"collection":[{"href":"https:\/\/naturnova.afundacion.org\/portal\/wp-json\/wp\/v2\/pages"}],"about":[{"href":"https:\/\/naturnova.afundacion.org\/portal\/wp-json\/wp\/v2\/types\/page"}],"author":[{"embeddable":true,"href":"https:\/\/naturnova.afundacion.org\/portal\/wp-json\/wp\/v2\/users\/1"}],"replies":[{"embeddable":true,"href":"https:\/\/naturnova.afundacion.org\/portal\/wp-json\/wp\/v2\/comments?post=102"}],"version-history":[{"count":5,"href":"https:\/\/naturnova.afundacion.org\/portal\/wp-json\/wp\/v2\/pages\/102\/revisions"}],"predecessor-version":[{"id":1975,"href":"https:\/\/naturnova.afundacion.org\/portal\/wp-json\/wp\/v2\/pages\/102\/revisions\/1975"}],"wp:attachment":[{"href":"https:\/\/naturnova.afundacion.org\/portal\/wp-json\/wp\/v2\/media?parent=102"}],"curies":[{"name":"wp","href":"https:\/\/api.w.org\/{rel}","templated":true}]}}